1. What is v(-5)?
-4
Let y(k) = -4*k**3 - 46*k**2 - 97*k - 73. Determine y(-9).
-10
Let t(m) = 242*m - 6049. Determine t(25).
1
Let s(v) = 2*v**3 + 19*v**2 + 4*v + 5. Calculate s(-10).
-135
Let c(d) = 4*d**2 - 867*d - 8133. Give c(-9).
-6
Let n(t) = -11*t**3 - 58*t + 175. Give n(3).
-296
Let w(a) = 91*a**3 + a**2 + 3*a + 3. Calculate w(-1).
-90
Let a(i) = -2*i**2 - 146*i + 2237. What is a(-86)?
1
Let o(b) = -3*b**3 + 123*b**2 + 124*b + 91. Give o(42).
7
Let p(v) = 50*v**2 + 38*v - 10. Give p(-1).
2
Let v(b) = -b**2 + 44*b - 209. Give v(39).
-14
Let c(s) = -2*s**3 - 142*s**2 + 288*s - 295. Determine c(-73).
-3
Let y(d) = d**3 + 34*d**2 - 4*d - 142. Calculate y(-34).
-6
Let x(q) = -18*q**2 - 257*q - 14. Determine x(-15).
-209
Let b(v) = v**3 - 7*v**2 + 18*v - 88. Determine b(7).
38
Let n(t) = -t**3 + 68*t**2 - 171*t + 2464. Determine n(66).
-110
Let b(j) = -6292*j + 31460. What is b(5)?
0
Let r(d) = 358*d**2 + 3947*d + 101. Determine r(-11).
2
Let c(b) = -b**2 - 31*b - 231. What is c(-17)?
7
Let q(x) = x**3 + 57*x**2 + 628*x - 114. Give q(-42).
-30
Let v(k) = 6*k**3 + k**2 + 3*k + 1. What is v(2)?
59
Let c(h) = -6*h**3 - 10*h**2 + 28*h + 3. What is c(-3)?
-9
Let r(k) = -k**3 + 2*k**2 + 31*k - 3. Calculate r(-5).
17
Let q(c) = 101*c**3 + 3*c**2 + 20*c + 18. Determine q(-1).
-100
Let c(h) = h**2 - 32*h - 333. Give c(46).
311
Let g(t) = 5*t**3 + 17*t**2 + 10*t + 65. Give g(-8).
-1487
Let y(f) = 7*f**2 + 187*f - 247. Determine y(-28).
5
Let i(r) = r**3 - 67*r**2 - 69*r + 86. Calculate i(68).
18
Let v(z) = 15*z**2 + 442*z + 443. Give v(-1).
16
Let n(c) = -27*c**2 + 213*c - 3. Give n(9).
-273
Let r(n) = -721*n + 2896. Give r(4).
12
Let a(t) = -22*t - 648. Determine a(-13).
-362
Let c(q) = -4423*q - 88459. What is c(-20)?
1
Let y(g) = -311*g**2 - 632*g + 1. What is y(-2)?
21
Let p(k) = -2*k**2 - 1412*k + 12878. Give p(9).
8
Let y(g) = g**3 - 22*g**2 + 55*g - 45. Give y(19).
-83
Let k(m) = 3*m**3 - 149*m**2 + 99*m - 45. Give k(49).
4
Let p(g) = g**3 - 31*g**2 - 33*g - 21. Calculate p(32).
-53
Let n(v) = -3*v**3 - 219*v**2 - 226*v - 732. Give n(-72).
-12
Let k(g) = g**3 + 58*g**2 - 5*g - 293. Calculate k(-58).
-3
Let u(p) = -25*p**2 + 100*p. Determine u(4).
0
Let r(j) = 85*j**3 - 342*j**2 + 11*j - 15. What is r(4)?
-3
Let u(m) = -m**3 + 40*m**2 + 44*m + 63. What is u(41)?
186
Let v(k) = k**2 - 107*k - 1452. Determine v(121).
242
Let r(x) = -8*x**2 - 155*x - 49. Calculate r(-19).
8
Let j(p) = p**3 + 26*p**2 - 507*p + 6. Determine j(-39).
6
Let o(i) = 2*i**3 - 112*i**2 - 86*i - 1571. Give o(57).
25
Let n(l) = -243*l + 2423. Give n(10).
-7
Let o(z) = z**2 - 8*z - 92. Calculate o(16).
36
Let b(g) = 3*g**3 + g**2 - 9*g + 3. What is b(-5)?
-302
Let i(m) = -32*m**3 - 8*m**2 + 4*m - 7. What is i(2)?
-287
Let k(l) = 17*l + 45. Determine k(-17).
-244
Let w(j) = -41*j - 225. What is w(-6)?
21
Let g(w) = -w**3 + 79*w**2 + 482*w - 5192. Give g(84).
16
Let a(k) = -21*k**2 + 72*k + 23. Give a(4).
-25
Let j(f) = -5*f**2 + 2485*f + 2485. What is j(-1)?
-5
Let p(t) = 9*t + 70. Determine p(-8).
-2
Let t(g) = -g**3 + 19*g**2 - 16*g - 28. What is t(18)?
8
Let g(b) = -3*b**2 + 46*b + 9. Give g(16).
-23
Let l(u) = 79*u - 7. What is l(-1)?
-86
Let y(z) = 1925*z + 11545. Give y(-6).
-5
Let w(j) = -2*j**3 + j**2 + 6*j - 8. Give w(-4).
112
Let i(x) = 39*x**2 - 510*x + 44. Determine i(13).
5
Let h(s) = 106*s**2 + 8*s + 1. Calculate h(0).
1
Let j(r) = -2735*r - 19167. Calculate j(-7).
-22
Let j(s) = 94*s - 2072. What is j(22)?
-4
Let v(s) = 2*s**2 - 13*s - 47. Calculate v(8).
-23
Let i(d) = -121*d - 39681. What is i(-328)?
7
Let v(j) = -84*j + 1257. What is v(15)?
-3
Let t(u) = -78*u + 4631. Calculate t(61).
-127
Let p(i) = 63*i + 186. Determine p(-3).
-3
Let g(c) = c**3 + 252*c**2 - 505*c + 801. Calculate g(-254).
39
Let v(s) = s**3 + 27*s**2 + 43*s - 175. Give v(-25).
0
Let d(h) = 106*h + 745. Give d(-7).
3
Let y(p) = -6178*p + 80317. Determine y(13).
3
Let f(g) = g**3 - 65*g**2 + g + 121. Give f(65).
186
Let i(b) = b**2 - 13*b - 1189. What is i(42)?
29
Let o(s) = s**3 + 25*s**2 - 153*s + 106. What is o(-31)?
-917
Let t(w) = w - 83. What is t(61)?
-22
Let i(p) = -3*p**2 + 27*p + 12. Determine i(9).
12
Let c(u) = -4*u**2 + 215*u + 50. Determine c(54).
-4
Let f(y) = -5*y**2 - 26*y + 60. What is f(-11)?
-259
Let o(d) = d**3 - 10*d**2 + 12*d - 14. Give o(6).
-86
Let m(j) = 389*j - 24923. Give m(64).
-27
Let s(r) = -r**3 - 11*r**2 - 13*r + 30. What is s(-9)?
-15
Let r(j) = 3*j**2 + 93*j - 826. Give r(-38).
-28
Let k(h) = 391*h - 2745. Give k(7).
-8
Let w(c) = 4*c**3 + 26*c**2 + 96*c + 343. Determine w(-5).
13
Let f(c) = -7*c**2 + c + 10. What is f(2)?
-16
Let j(v) = 2*v**3 + 2*v**2 + 34*v + 110. What is j(-3)?
-28
Let d(c) = -c**2 + 89*c + 849. Calculate d(98).
-33
Let y(j) = -314*j - 27000. What is y(-86)?
4
Let q(a) = -a**3 - 11*a**2 - 4*a - 4. Calculate q(-8).
-164
Let n(g) = g**2 - 3*g - 10. Determine n(6).
8
Let r(v) = -v**3 + 2*v**2 + 123*v - 27. Calculate r(-10).
-57
Let q(c) = 2294*c - 11466. Give q(5).
4
Let x(u) = 2*u**3 + 9*u**2 + 2*u + 5. Give x(-3).
26
Let a(j) = 60*j**2 - 1082*j + 17. Determine a(18).
-19
Let l(k) = 16*k - 1122. Calculate l(85).
238
Let s(u) = 2*u**3 - 309*u**2 - 479*u + 1717. Calculate s(156).
1
Let l(r) = r**3 - 4*r**2 - 13*r + 23. Calculate l(4).
-29
Let u(c) = 10*c**2 + 25*c - 1035. What is u(9)?
0
Let m(k) = -k**2 + 2112*k + 88276. Determine m(-41).
3
Let s(b) = 3*b**3 + 4*b**2 - 106*b + 196. Give s(2).
24
Let l(b) = 2*b**3 - 70*b**2 + 297*b + 97. Calculate l(30).
7
Let l(w) = -w**2 + 196*w - 2888. What is l(16)?
-8
Let n(p) = -p**3 + 98*p**2 + 200*p + 12. Determine n(100).
12
Let n(o) = -o**3 + 8*o**2 - 8*o + 19. Determine n(5).
54
Let w(f) = -6*f**3 + 82*f**2 + 43*f + 4. Determine w(14).
214
Let z(t) = -t**3 + 16*t**2 - 15*t + 102. Give z(15).
102
Let d(w) = w**2 - 30*w - 786. Calculate d(47).
13
Let k(i) = -i**3 - 31*i**2 - i - 23. Give k(-31).
8
Let v(z) = z**3 + 5*z**2 - 201*z - 73. Calculate v(-17).
-124
Let s(i) = i**2 + 4*i - 139. Give s(20).
341
Let l(w) = -4*w**3 + 10*w**2 - 21*w - 6. What is l(-4)?
494
Let u(x) = -2*x**2 - 285*x + 13712. Calculate u(38).
-6
Let k(i) = 2*i**2 - 141*i - 213. Calculate k(72).
3
Let q(n) = 253*n**2 + 49337*n + 403. What is q(-195)?
13
Let w(c) = -c**2 - 43*c + 1263. Determine w(20).
3
Let f(a) = a**3 + 104*a**2 - 28*a - 2870. Calculate f(-104).
42
Let t(j) = -j**2 + 55*j - 287. Calculate t(39).
337
Let u(a) = 23*a**2 - 1658*a + 1657. Give u(1).
22
Let o(p) = -4*p**2 + 10*p + 171. Calculate o(14).
-473
Let u(x) = 2*x**2 - 7073*x - 14150. What is u(-2)?
4
Let c(b) = -27*b**2 - 46*b + 130. What is c(3)?
-251
Let c(h) = 150*h**2 - 2248*h - 36. Calculate c(15).
-6
Let d(f) = 2*f**3 + 443*f**2 - 220*f + 444. What is d(-222)?
0
Let a(n) = n**3 + 4*n**2 - 82*n - 61. Calculate a(-11).
-6
Let g(l) = l**3 + 17*l**2 + 15*l + 49. Calculate g(-17).
-206
Let t(u) = 4*u**2 - 248*u + 2828. Give t(15).
8
Let w(v) = v**3 - 6*v**2 - 3*v + 59. Give w(-5).
-201
Let g(y) = y**2 - 34*y - 42. What is g(37)?
69
Let h(p) = p**2 + 158*p - 1138. Give h(7).
17
Let m(u) = -5*u**2 + 124*u - 764. Give m(11).
-5
Let k(m) = m**2 - 96*m + 1783. What is k(70)?
-37
Let b(l) = -18*l + 19. Determine b(-3).
73
Let s(x) = -3*x**2 - 8*x + 45. Determine s(5).
-70
Let j(k) = -2*k**2 - 22*k + 878. What is j(16)?
14
Let c(o) = -o**3 - 9*o**2 - 2*o - 64. Determine c(-10).
56
Let j(l) = -5*l**2 + 56*l - 37. Calculate j(15).
-322
Let y(j) = -121*j + 72. Determine y(-1).
193
Let u(o) = -2*o**3 + 8*o**2 + 6*o - 17. Determine u(5).
-37
Let t(k) = -6*k**2 - 14*k - 19. What is t(-3)?
-31
Let g(m) = -2*m**2 + 122*m + 176. Give g(62).
52
Let h(m) = -m**3 + 12*m**2 - 24*m + 30. Give h(10).
-10
Let u(b) = -78*b - 5319. Calculate u(-68).
-15
Let m(r) = r**3 + 105*r**2 - 677*r - 1221. Calculate m(-111).
0
Let f(c) = 8*c**2 - 18*c + 79. Calculate f(4).
135
Let o(p) = -p**3 - 72*p**2 - 148*p - 554. What is o(-70)?
6
Let p(k) = -6*k**2 - 100*k + 499. Give p(-22).
-205
Let t(d) = d**3 + 29*d**2 - 34*d. What is t(-30)?
120
Let c(z) = z**2 - 18*z - 30. Give c(0).
-30
Let k(s) = s**3 - 11*s**2 - 24*s - 1. Give k(13).
25
Let v(g) = -238*g - 226. Calculate v(-1).
12
Let t(o) = -o**2 - 167*o + 1179. What is t(7)?
-39
Let g(q) = -118*q + 30675. What is g(260)?
-5
Let b(z) = -